1*k - 674. What is a(111)?
-8
Let r(c) = c**3 - 61*c**2 + 663*c + 207. Give r(47).
442
Let w(q) = q**3 + 42*q**2 - 8*q - 15. Determine w(-8).
2225
Let x(b) = -3*b**3 - 9*b**2 - 36*b - 439. Calculate x(-6).
101
Let v(r) = -723*r + 240034. Calculate v(332).
-2
Let o(z) = 269*z - 2677. What is o(10)?
13
Let j(x) = -9*x**3 - 1207*x**2 - 134*x + 77. Determine j(-134).
77
Let p(y) = -y**3 + 127*y**2 - 374*y - 307. Determine p(124).
-555
Let g(p) = 28*p - 3525. What is g(92)?
-949
Let f(d) = -26*d**2 - 716*d - 2481. Calculate f(-4).
-33
Let i(k) = -2*k**2 - 76638*k + 383177. What is i(5)?
-63
Let k(g) = 6234261*g - 43639825. Determine k(7).
2
Let x(g) = g**3 + 13420*g**2 + 1622358*g + 245. What is x(-122)?
1
Let u(n) = -n**3 - 10*n**2 - 52*n - 386. Calculate u(-8).
-98
Let h(y) = -y**3 - 4*y**2 + 1974*y + 9842. Calculate h(-5).
-3
Let p(s) = -11*s**2 + 2063*s - 822. What is p(187)?
300
Let d(i) = -i**3 - 4*i**2 + 174378*i - 1394262. Calculate d(8).
-6
Let s(j) = -13010*j - 702534. What is s(-54)?
6
Let j(v) = 132*v - 174. Determine j(8).
882
Let c(h) = -3*h**3 + 63*h**2 - 257*h + 272. Determine c(2).
-14
Let m(b) = 2952*b + 693. Give m(0).
693
Let b(t) = -2*t**2 - 361*t - 2672. What is b(-8)?
88
Let f(n) = 996*n - 10894. Calculate f(12).
1058
Let g(r) = 389*r**2 - 4879*r - 4878. Calculate g(-1).
390
Let b(u) = 10*u**2 - 275*u - 10887. Determine b(-22).
3
Let i(v) = -3*v**3 + 27*v**2 + 55*v - 686. Determine i(6).
-32
Let d(i) = 7811*i + 1132600. What is d(-145)?
5
Let m(a) = -5108*a + 132354. Determine m(26).
-454
Let r(j) = -682*j + 37979. Calculate r(56).
-213
Let w(q) = 4096*q + 13143. Determine w(-3).
855
Let l(u) = -19*u**2 + 1006*u - 108. Calculate l(53).
-161
Let r(p) = 65*p**2 + 5195*p + 9754. What is r(-78)?
4
Let a(i) = 7*i**2 - 497*i + 6947. What is a(19)?
31
Let g(a) = 6785263*a - 88208421. What is g(13)?
-2
Let b(z) = 146996*z - 881933. Give b(6).
43
Let j(s) = 167*s**2 - 20861*s - 1747. What is j(125)?
3
Let h(x) = -5*x**2 + 8*x - 173. Calculate h(0).
-173
Let q(j) = j**3 + 3*j**2 - 33*j - 121. Give q(6).
5
Let a(v) = 22*v**2 + 18*v - 59. Give a(3).
193
Let v(z) = 25*z**2 + 2387*z + 764. Give v(-94).
-2714
Let i(z) = 2*z**3 + 130*z**2 + 146*z - 508. What is i(-64)?
-1660
Let h(g) = g**2 + 37629*g + 29679338. What is h(-806)?
0
Let b(s) = -s**3 + 54*s**2 - 295*s - 572. Give b(8).
12
Let j(t) = -57502*t - 1437553. Determine j(-25).
-3
Let f(g) = -g**3 + 43*g**2 - 28*g + 192. Calculate f(42).
780
Let c(t) = t**3 + 33*t**2 - 28*t + 1043. Give c(-35).
-427
Let t(a) = 31023*a - 46534490. What is t(1500)?
10
Let q(r) = 57*r**2 + 373*r + 107. Determine q(-5).
-333
Let o(y) = -y**3 + 15*y**2 + 22*y - 32. Calculate o(11).
694
Let j(y) = -48*y**2 + 30*y + 27. Determine j(1).
9
Let k(o) = -451*o**2 + 135*o - 262. Determine k(2).
-1796
Let h(i) = -i**3 + 11*i**2 - 77*i + 321. What is h(8)?
-103
Let g(x) = -176463*x + 1235132. What is g(7)?
-109
Let i(h) = -h**3 + 85*h**2 - 220*h - 2048. Give i(82).
84
Let h(i) = 3*i**2 - 36148*i + 288987. Determine h(8).
-5
Let x(j) = j**3 - 15*j**2 - 240*j - 88. Calculate x(25).
162
Let x(l) = l**3 + 18*l**2 - 275*l - 4420. Give x(-21).
32
Let l(q) = -63*q**2 - 5880*q + 58029. Calculate l(9).
6
Let l(x) = x**3 - 7*x**2 - 8*x + 69. Give l(7).
13
Let l(c) = -c**3 - 39*c**2 - 233*c - 318. Determine l(-5).
-3
Let o(t) = 297*t - 4560. Calculate o(21).
1677
Let w(v) = 111*v**3 - 2457*v**2 + 334*v - 90. Determine w(22).
-2
Let i(k) = -k**2 - 68803*k - 1994394. Determine i(-29).
52
Let u(g) = -49738*g + 547105. Calculate u(11).
-13
Let g(q) = q**2 + 2418*q + 390449. What is g(-174)?
-7
Let k(d) = 2*d**2 + 91*d + 902. Give k(-52).
1578
Let x(v) = -516711*v + 4133692. Give x(8).
4
Let z(q) = -23*q**2 - 416*q + 2033. Calculate z(4).
1
Let b(x) = -697*x + 15543. What is b(22)?
209
Let v(p) = -p**3 + 43*p**2 - 47749*p + 2152755. Give v(45).
0
Let b(z) = 529*z - 6498. What is b(9)?
-1737
Let y(q) = 529819*q - 2119276. Determine y(4).
0
Let o(v) = 16381*v - 6929163. Determine o(423).
0
Let d(y) = 213*y + 5171. Determine d(-21).
698
Let f(n) = 870*n - 6870. Determine f(7).
-780
Let w(t) = -17*t - 1430. Calculate w(-73).
-189
Let q(k) = 52*k**3 + 362*k**2 - 589*k - 4138. What is q(-7)?
-113
Let t(i) = -2*i**2 - 284*i + 6064. Determine t(19).
-54
Let x(n) = 2*n**3 + 76*n**2 + 203*n - 220. Give x(-35).
25
Let v(p) = -585*p + 89869. Give v(152).
949
Let i(v) = 4400*v - 21190. What is i(5)?
810
Let l(g) = -6*g**2 + 1514*g - 1213. Give l(253).
-2225
Let p(m) = m**3 + 202*m**2 - 10837*m + 364. Determine p(44).
-208
Let d(m) = 318*m**2 - 30521*m - 676. What is d(96)?
-4
Let a(m) = 37*m + 1229. Determine a(-15).
674
Let q(u) = -12*u**2 + 35*u + 550. Determine q(-7).
-283
Let l(b) = b**3 - 219*b**2 - 87*b + 66540. Give l(218).
50
Let v(h) = 7466*h + 169822. Give v(-23).
-1896
Let g(w) = 235147*w + 1410828. Determine g(-6).
-54
Let y(l) = 38*l**3 - 2348*l**2 - 493*l - 171. Give y(62).
15
Let y(f) = 2732*f - 24695. Calculate y(9).
-107
Let g(j) = -j**3 - 166*j**2 + 262*j + 43483. Give g(-166).
-9
Let x(a) = -34*a**2 + 12732*a - 50391. Calculate x(4).
-7
Let t(s) = 6862*s + 41187. Give t(-6).
15
Let j(l) = 26*l**3 + 160*l**2 + 15*l + 22. Give j(-6).
76
Let o(r) = 5*r**3 - 3*r**2 + 17*r - 17. What is o(1)?
2
Let r(f) = -3623*f + 30344. Give r(8).
1360
Let t(x) = -2*x**3 - 77*x**2 + 282*x + 3136. Give t(-41).
-21
Let h(u) = -u**2 - 10056*u + 373448. What is h(37)?
7
Let r(x) = -24047*x - 1755266. What is r(-73)?
165
Let f(y) = -8926*y + 205263. Give f(23).
-35
Let f(d) = -d**2 - 69*d - 2491. Determine f(-55).
-1721
Let n(t) = -56*t**2 - 8173*t + 172. Calculate n(-146).
-266
Let x(v) = -412514*v + 412521. Calculate x(1).
7
Let l(a) = 237*a**2 - 3788*a + 14945. Calculate l(7).
42
Let y(p) = 11482*p - 45885. Calculate y(4).
43
Let s(i) = -3*i**3 - 33*i**2 + 22*i + 75. Calculate s(-11).
-167
Let n(m) = -2*m**3 + 23*m**2 + 1413*m - 43. Give n(33).
-241
Let w(h) = -6*h**2 - 30*h + 472. Determine w(7).
-32
Let u(z) = 14696*z - 116988. Calculate u(8).
580
Let a(o) = -70*o + 4353. Determine a(69).
-477
Let x(l) = 16331*l + 19303243. Give x(-1182).
1
Let o(b) = 16*b**2 - 21662*b - 108339. What is o(-5)?
371
Let x(n) = 583*n**2 - 27924*n - 2879. Calculate x(48).
1
Let z(p) = -4*p**3 - 9*p**2 + 192*p - 242. Determine z(5).
-7
Let c(t) = -8*t**2 + 153*t + 248. What is c(0)?
248
Let j(q) = -q**2 + 228*q - 13101. What is j(102)?
-249
Let d(p) = p**3 + 230*p**2 - 494*p - 6855. What is d(-232)?
105
Let l(d) = -d**2 - 1580*d - 534139. Determine l(-1090).
-39
Let j(c) = -3*c**2 + 970*c + 5788. Give j(-6).
-140
Let s(o) = 312900*o - 1251606. Give s(4).
-6
Let o(z) = -3*z**2 + 4*z + 228. What is o(-7)?
53
Let v(d) = 2*d**3 + 12*d**2 - 9*d + 215. Determine v(0).
215
Let t(r) = -12981*r + 103856. What is t(8)?
8
Let t(d) = d**2 + 4143*d + 147855. Calculate t(-36).
3
Let b(a) = -301*a**2 + 1174*a + 1175. Give b(-1).
-300
Let c(w) = 198266*w - 3370528. What is c(17)?
-6
Let c(m) = m**3 - 225*m**2 - 387*m - 15208. Give c(227).
1
Let w(i) = -46*i - 7398. What is w(-132)?
-1326
Let a(d) = d**3 - 40*d**2 + 449*d - 1442. Calculate a(11).
-12
Let a(c) = -12*c**2 + 610*c + 29. Calculate a(51).
-73
Let t(d) = 2047*d + 325485. Give t(-159).
12
Let h(b) = -2*b**3 + 49*b**2 - 246*b - 375. Give h(11).
186
Let v(p) = 12*p**3 + 531*p**2 - 1550*p + 65. What is v(-47)?
18
Let n(l) = -2*l**2 + 95460*l - 190915. Calculate n(2).
-3
Let k(f) = 16*f**3 + 1281*f**2 + 62*f - 1438. Determine k(-80).
2
Let y(t) = 352606*t - 705220. Give y(2).
-8
Let s(v) = 22*v**2 + 3394*v + 92352. What is s(-119)?
8
Let w(t) = 5*t**3 + 84*t**2 - 109*t + 230. What is w(-18)?
248
Let s(v) = -v**2 - 702*v - 7717. Give s(-11).
-116
Let o(s) = -13624*s + 217966. Determine o(16).
-18
Let v(h) = 2*h**2 + 2050*h + 22348. Determine v(-11).
40
Let a(y) = -7*y**2 + 4195*y + 72058. Give a(616).
-14
Let q(a) = -2*a**3 - 155*a**2 - 1682*a + 2978. What is q(-64)?
34
Let c(a) = -861*a**3 + 6*a**2 - 812*a + 811. Determine c(1).
-856
Let s(t) = -t**3 - 14*t**2 + 2561*t + 4164. Determine s(45).
-66
Let k(b) = 2*b**3 - 60*b**2 + 452*b - 39. What is k(15)?
-9
Let a(b) = -b**3 - 547*b**2 - 7975*b + 2691. Determine a(-532).
31
Let m(u) = -2*u**3 - 1306*u**2 - 3826*u + 48126. Give m(-650).
26
Let m(a) = -3*a**3 + 611*a**2 + 163*a